{"id":777,"date":"2018-06-04T07:52:26","date_gmt":"2018-06-04T06:52:26","guid":{"rendered":"http:\/\/gefaehrdeten-hilfe.de\/?page_id=777"},"modified":"2018-06-27T22:07:00","modified_gmt":"2018-06-27T21:07:00","slug":"sommerfest-seite","status":"publish","type":"page","link":"http:\/\/gefaehrdeten-hilfe.de\/?page_id=777","title":{"rendered":"Aufnahme"},"content":{"rendered":"<p>&nbsp;<\/p>\n<figure id=\"attachment_950\" aria-describedby=\"caption-attachment-950\" style=\"width: 439px\" class=\"wp-caption aligncenter\"><img loading=\"lazy\" class=\" wp-image-950\" src=\"http:\/\/gefaehrdeten-hilfe.de\/wp-content\/uploads\/2018\/06\/\u201eNurwennderSohneuchfreimachtseidihrwirklichfrei.-300x225.jpg\" alt=\"\" width=\"439\" height=\"329\" srcset=\"http:\/\/gefaehrdeten-hilfe.de\/wp-content\/uploads\/2018\/06\/\u201eNurwennderSohneuchfreimachtseidihrwirklichfrei.-300x225.jpg 300w, http:\/\/gefaehrdeten-hilfe.de\/wp-content\/uploads\/2018\/06\/\u201eNurwennderSohneuchfreimachtseidihrwirklichfrei.-768x576.jpg 768w, http:\/\/gefaehrdeten-hilfe.de\/wp-content\/uploads\/2018\/06\/\u201eNurwennderSohneuchfreimachtseidihrwirklichfrei.-370x278.jpg 370w, http:\/\/gefaehrdeten-hilfe.de\/wp-content\/uploads\/2018\/06\/\u201eNurwennderSohneuchfreimachtseidihrwirklichfrei.-760x570.jpg 760w, http:\/\/gefaehrdeten-hilfe.de\/wp-content\/uploads\/2018\/06\/\u201eNurwennderSohneuchfreimachtseidihrwirklichfrei..jpg 960w\" sizes=\"(max-width: 439px) 100vw, 439px\" \/><figcaption id=\"caption-attachment-950\" class=\"wp-caption-text\">Johannes-Evangelium 8,36.<\/figcaption><\/figure>\n<h6><strong>Die f\u00fcr die Aufnahme notwendigen Formulare erhalten Sie hier:<\/strong><\/h6>\n<p><strong>Die Aufnahme in unserem Haus der Christliche Gef\u00e4hrdetenhilfe Hoffnung e.V. ist<\/strong><br \/>\n<strong>freiwillig. Voraussetzung f\u00fcr die Aufnahme ist die regul\u00e4re Haftentlassung oder<\/strong><br \/>\n<strong>Therapieende. \u00dcber die Aufnahme und Entlassung entscheidet der Vorstand der Christlichen<\/strong><br \/>\n<strong>Gef\u00e4hrdetenhilfe Hoffnung e.V.. Die einzige Bedingung an den Gast ist sein Wunsch, von<\/strong><br \/>\n<strong>seinen Problemen freizukommen und das Einhalten folgender Regelungen:<\/strong><\/p>\n<p><strong>1. Der Tagesablauf der Gemeinschaft ist verpflichtet f\u00fcr alle. Es wird erwartet, dass<\/strong><br \/>\n<strong>au\u00dfer im Falle von h\u00f6herer Gewalt \u2013 der Rehabilitand an allen Aktivit\u00e4ten der Gruppe<\/strong><br \/>\n<strong>teilnimmt, wie z.B. bei Mahlzeiten, Arbeitseins\u00e4tzen, Freizeitgestaltung,<\/strong><br \/>\n<strong>Versammlungen, Gottesdienste etc.<\/strong><\/p>\n<p><strong>2. Der Rehabilitand hat den Anweisungen der Leitung des Zentrums folge zu leisten und<\/strong><br \/>\n<strong>bereit zu sein, auf seine Mitbewohner zu h\u00f6ren und R\u00fccksicht zu nehmen.<\/strong><\/p>\n<p><strong>3. Dem Gast wird eine aufsichtsf\u00fchrende Person an die Seite gestellt, welche ihn zu jeder<\/strong><br \/>\n<strong>Zeit begleitet.<\/strong><\/p>\n<p><strong>4. In den ersten\u00a0 Monaten steht der Rehabilitand unter Kontaktsperre. Es sind weder<\/strong><br \/>\n<strong>Telefonanrufe noch Briefkontakte erlaubt. \u00dcber Einzelf\u00e4lle entscheidet der Vorstand.<\/strong><\/p>\n<p><strong>5. Besuche ohne vorherige Anmeldung und Erlaubnis sind nicht gestattet.<\/strong><\/p>\n<p><strong>6. Jeglicher Konsum sowie die Weiterreichung von Drogen, Ersatzdrogen und<\/strong><br \/>\n<strong>Medikamenten ( au\u00dfer vom Arzt verordnete ) wird auf keinem Fall gestattet.<\/strong><\/p>\n<p><strong>7. Jeglicher Nikotin- und Alkoholgenuss ist strengstens untersagt. Die Einhaltung dieser<\/strong><br \/>\n<strong>Regel ist der erste Schritt zur Rehabilitation.<\/strong><\/p>\n<p><strong>8. Der Gast gibt sein Einverst\u00e4ndnis dar\u00fcber, sich bei seiner Aufnahme in unserem Haus<\/strong><br \/>\n<strong>einer vollst\u00e4ndigen Untersuchung seiner Person sowie seines Besitzes zu<\/strong><br \/>\n<strong>unterzeichnen.<\/strong><\/p>\n<p><strong>9. W\u00e4hrend der Rehabilitation ist der Besitz von Geld nicht erlaubt. Es wird bei der<\/strong><br \/>\n<strong>Aufnahme zur Verwahrung abgegeben ( evtl. auch Wertsachen ) und bei Bedarf<\/strong><br \/>\n<strong>wieder zugeteilt.<\/strong><\/p>\n<p><strong>10. Bei der Aufnahme m\u00fcssen Angaben gemacht werden \u00fcber alle anstehenden<\/strong><br \/>\n<strong>Gerichtsverfahren sowie \u00fcber den sozialen Stand und die Familiensituation.<\/strong><\/p>\n<p><strong>11. Wir weisen darauf hin, dass wir uns rechtlicher ( au\u00dfer im Falle einer<\/strong><br \/>\n<strong>Kontaktaufnahme mit dem Bew\u00e4hrungshelfer oder Betreuter ) und sozialer Probleme<\/strong><br \/>\n<strong>des Rehabilitanden erst nach den ersten sechs Monaten seines Aufenthaltes annehmen.<\/strong><\/p>\n<p><strong>12. Es muss freie Auskunft \u00fcber vorhandene Krankheiten gegeben werden,<\/strong><br \/>\n<strong>insbesondere \u00fcber ansteckende.<\/strong><\/p>\n<p><strong>13. Bei minderj\u00e4hrigen Personen ist die Genehmigung der Eltern f\u00fcr die Aufnahme<\/strong><br \/>\n<strong>erforderlich.<\/strong><\/p>\n<p><strong>14. Der Rehabilitand verpflichtet sich, ein Aufnahmedokument zu unterzeichnen, in<\/strong><br \/>\n<strong>welchem er sich im Falle einer Krankheit oder eines Unfalles dazu verpflichtet,<\/strong><br \/>\n<strong>keinerlei Anspr\u00fcche gegen\u00fcber der Christlichen Gef\u00e4hrdetenhilfe Hoffnung<\/strong><br \/>\n<strong>e.V. geltend zu machen.<\/strong><\/p>\n<p><strong>15. Vor dem Eintritt sollte die Frage der Krankenversicherung gekl\u00e4rt sein.<\/strong><\/p>\n<p><strong>16. Beim Eintritt in unsere Gef\u00e4hrdetenhilfe k\u00f6nnen keine elektrischen Ger\u00e4te wie<\/strong><br \/>\n<strong>Fernseher, Radios, Walkman, Kassettenspieler, keine nicht christlichen<\/strong><br \/>\n<strong>Ver\u00f6ffentlichungen wie B\u00fccher, Zeitschriften etc. und keine Waffen mitgebracht<\/strong><br \/>\n<strong>werden.<\/strong><\/p>\n<h6><strong>Gef\u00f6rdert werden insbesondere:<\/strong><br \/>\n<strong>1.) die F\u00e4higkeit zu einem verantwortlichen Leben in der Gemeinschaft<\/strong><br \/>\n<strong>2.) die F\u00e4higkeit zu einer sinnvollen Lebensgestaltung<\/strong><br \/>\n<strong>3.) die F\u00e4higkeit aus dem Glauben an Jesus Christus zu leben<\/strong><br \/>\n<strong>Damit der<\/strong><br \/>\n<strong>&#8211; Hilfesuchende die Hilfe findet<\/strong><br \/>\n<strong>&#8211; Gewaltt\u00e4tige die Befreiung und Frieden finden<\/strong><br \/>\n<strong>&#8211; Verbrecher ein neues Leben beginnen<\/strong><br \/>\n<strong>&#8211; Diebe das gestohlene Gut zur\u00fcck bringt<\/strong><br \/>\n<strong>&#8211; Alkoholiker und Drogens\u00fcchtige frei werden<\/strong><br \/>\n<strong>&#8211; Beziehungen in Ehen und Familien wiederhergestellt werden<\/strong><br \/>\n<strong>&#8211; Menschen ihre Schulden und Steuern bezahlen<\/strong><\/h6>\n<h6><strong>Freizeitgestaltung:<\/strong><br \/>\n<strong>Sportliche und musikalische Aktivit\u00e4ten, Ausfl\u00fcge, Teilnahme an christlichen Konferenzen,<\/strong><br \/>\n<strong>Festlichkeiten und Jugendfreizeiten stehen bei der Freizeitgestaltung im Vordergrund.<\/strong><br \/>\n<strong>Generell werden gemeinschaftliche Aktivit\u00e4ten Einzelaktivit\u00e4ten vorgezogen.<\/strong><\/h6>\n<h6><strong>Auszug:<\/strong><br \/>\n<strong>In der Wohngemeinschaft wird der junge Mensch auf die Zeit nach seinem Auszug vorbereitet.<\/strong><br \/>\n<strong>Angebote der Jugendarbeit, sowie Seelsorge und Beratung stehen dem Einzelnen auch nach seinem<\/strong><br \/>\n<strong>Auszug aus der Wohngemeinschaft weiter offen. Durch die Teilnahme an der Gemeindearbeit kann<\/strong><br \/>\n<strong>jeder gute, pers\u00f6nliche und wertsch\u00e4tzende Beziehungen aus einem nicht kriminellem Umfeld<\/strong><br \/>\n<strong>aufbauen, die ihm auch nach seinem Auszug aus der Wohngemeinschaft als soziales Beziehungsfeld<\/strong><br \/>\n<strong>Sicherheit geben. Die Freude von Familienmitgliedern und Bekannten bei solchen Ver\u00e4nderungen<\/strong><br \/>\n<strong>und Befreiungen ist gro\u00df. Die Berichte davon verbreiten sich schnell. So das die<\/strong><br \/>\n<strong>Rehabilitationsma\u00dfnahme in einer christlichen Wohngemeinschaft ist immer eine sozial und<\/strong><br \/>\n<strong>gesellschaftlich wichtige Arbeit, deren Wert auch langfristig hoch ist. Denn nichts bildet ein<\/strong><br \/>\n<strong>besseres Fundament einer tragf\u00e4higen, sozialen Gesellschaft, als gelebt Christliche Werte.<\/strong><\/h6>\n<h4 style=\"text-align: center;\"><strong>Hausordnung<\/strong><\/h4>\n<h6 style=\"text-align: center;\">1. Es ist untersagt, Lebensmittel in den Zimmern zu essen oder aufzubewahren.<\/h6>\n<h6 style=\"text-align: center;\"><strong>2. Vor dem Fr\u00fchst\u00fcck hat jeder sein Bett zu machen und sauber und ordentlich bei<\/strong><br \/>\n<strong>Tisch zu erscheinen.<\/strong><\/h6>\n<h6 style=\"text-align: center;\">3. Jeder hat seine Kleider und pers\u00f6nliche Gebrauchsartikel in dem ihm zugeteilten<br \/>\nSchrank ordnungsgem\u00e4\u00df unterzubringen.<\/h6>\n<h6 style=\"text-align: center;\">4. Jeder Gegenstand ist nach seinem Gebrauch wieder an seinen Ort<br \/>\nzur\u00fcckzubringen.<\/h6>\n<h6 style=\"text-align: center;\">5. Nach seiner Benutzung sollte das Badezimmer gewischt und aufger\u00e4umt<br \/>\nzur\u00fcckgelassen werden.<\/h6>\n<h6 style=\"text-align: center;\"><strong>Christliche Gef\u00e4hrdetenhilf<\/strong><strong style=\"font-size: 1.2143em; letter-spacing: 0px;\">e Hoffnun<\/strong><strong style=\"letter-spacing: 0px; font-size: 1.2143em;\">g e.V.<\/strong><\/h6>\n<p><img loading=\"lazy\" class=\"size-medium wp-image-883 aligncenter\" src=\"http:\/\/gefaehrdeten-hilfe.de\/wp-content\/uploads\/2018\/06\/Stempel-1-300x300.jpg\" alt=\"\" width=\"300\" height=\"300\" srcset=\"http:\/\/gefaehrdeten-hilfe.de\/wp-content\/uploads\/2018\/06\/Stempel-1-300x300.jpg 300w, http:\/\/gefaehrdeten-hilfe.de\/wp-content\/uploads\/2018\/06\/Stempel-1-150x150.jpg 150w, http:\/\/gefaehrdeten-hilfe.de\/wp-content\/uploads\/2018\/06\/Stempel-1-768x768.jpg 768w, http:\/\/gefaehrdeten-hilfe.de\/wp-content\/uploads\/2018\/06\/Stempel-1-370x370.jpg 370w, http:\/\/gefaehrdeten-hilfe.de\/wp-content\/uploads\/2018\/06\/Stempel-1-90x90.jpg 90w, http:\/\/gefaehrdeten-hilfe.de\/wp-content\/uploads\/2018\/06\/Stempel-1-760x760.jpg 760w, http:\/\/gefaehrdeten-hilfe.de\/wp-content\/uploads\/2018\/06\/Stempel-1-100x100.jpg 100w, http:\/\/gefaehrdeten-hilfe.de\/wp-content\/uploads\/2018\/06\/Stempel-1.jpg 1000w\" sizes=\"(max-width: 300px) 100vw, 300px\" \/><\/p>\n","protected":false},"excerpt":{"rendered":"<p>&nbsp; Die f\u00fcr die Aufnahme notwendigen Formulare erhalten Sie hier: Die Aufnahme in unserem Haus der Christliche Gef\u00e4hrdetenhilfe Hoffnung e.V. ist freiwillig. Voraussetzung f\u00fcr die Aufnahme ist die regul\u00e4re Haftentlassung oder Therapieende. \u00dcber die Aufnahme und Entlassung entscheidet der Vorstand der Christlichen Gef\u00e4hrdetenhilfe Hoffnung e.V.. Die einzige Bedingung an den Gast ist sein Wunsch, von seinen Problemen freizukommen und das&hellip;<\/p>\n","protected":false},"author":1,"featured_media":0,"parent":0,"menu_order":0,"comment_status":"closed","ping_status":"closed","template":"","meta":[],"_links":{"self":[{"href":"http:\/\/gefaehrdeten-hilfe.de\/index.php?rest_route=\/wp\/v2\/pages\/777"}],"collection":[{"href":"http:\/\/gefaehrdeten-hilfe.de\/index.php?rest_route=\/wp\/v2\/pages"}],"about":[{"href":"http:\/\/gefaehrdeten-hilfe.de\/index.php?rest_route=\/wp\/v2\/types\/page"}],"author":[{"embeddable":true,"href":"http:\/\/gefaehrdeten-hilfe.de\/index.php?rest_route=\/wp\/v2\/users\/1"}],"replies":[{"embeddable":true,"href":"http:\/\/gefaehrdeten-hilfe.de\/index.php?rest_route=%2Fwp%2Fv2%2Fcomments&post=777"}],"version-history":[{"count":18,"href":"http:\/\/gefaehrdeten-hilfe.de\/index.php?rest_route=\/wp\/v2\/pages\/777\/revisions"}],"predecessor-version":[{"id":952,"href":"http:\/\/gefaehrdeten-hilfe.de\/index.php?rest_route=\/wp\/v2\/pages\/777\/revisions\/952"}],"wp:attachment":[{"href":"http:\/\/gefaehrdeten-hilfe.de\/index.php?rest_route=%2Fwp%2Fv2%2Fmedia&parent=777"}],"curies":[{"name":"wp","href":"https:\/\/api.w.org\/{rel}","templated":true}]}}